Is 1679 a multiple of 23?
True
Is 232 a factor of 77488?
True
Is 4864 a multiple of 41?
False
Does 28 divide 1072?
False
Is 2 a factor of 32?
True
Is 1004 a multiple of 9?
False
Does 139 divide 14496?
False
Is 13 a factor of 2405?
True
Does 26 divide 14371?
False
Does 15 divide 12165?
True
Does 11 divide 4490?
False
Is 14475 a multiple of 53?
False
Is 43 a factor of 37521?
False
Is 73 a multiple of 3?
False
Is 384 a multiple of 24?
True
Does 19 divide 42085?
True
Is 59780 a multiple of 98?
True
Does 245 divide 12495?
True
Is 4214 a multiple of 49?
True
Is 848 a multiple of 2?
True
Does 18 divide 270?
True
Does 15 divide 12630?
True
Is 28 a factor of 349?
False
Is 2673 a multiple of 6?
False
Does 22 divide 7128?
True
Does 7 divide 133?
True
Is 10 a factor of 260?
True
Does 14 divide 56?
True
Is 2101 a multiple of 59?
False
Is 26779 a multiple of 61?
True
Is 1302 a multiple of 16?
False
Is 11486 a multiple of 47?
False
Is 100 a factor of 59588?
False
Does 57 divide 9918?
True
Is 25034 a multiple of 31?
False
Is 13 a factor of 767?
True
Is 108 a factor of 5076?
True
Is 10 a factor of 6240?
True
Is 5 a factor of 17004?
False
Does 13 divide 350?
False
Is 30 a factor of 21630?
True
Does 14 divide 131463?
False
Does 22 divide 880?
True
Is 17 a factor of 106706?
False
Does 78 divide 24608?
False
Does 9 divide 5414?
False
Is 910 a multiple of 7?
True
Is 9514 a multiple of 18?
False
Is 9311 a multiple of 89?
False
Does 120 divide 7800?
True
Is 52 a factor of 7739?
False
Does 15 divide 77010?
True
Does 116 divide 90480?
True
Does 3 divide 133?
False
Is 202 a factor of 15760?
False
Is 68552 a multiple of 49?
False
Is 1911 a multiple of 23?
False
Is 17976 a multiple of 107?
True
Is 134 a factor of 5531?
False
Is 23 a factor of 1286?
False
Is 3993 a multiple of 26?
False
Is 75 a factor of 13725?
True
Is 7973 a multiple of 12?
False
Is 946 a multiple of 11?
True
Is 7 a factor of 7182?
True
Is 17 a factor of 1248?
False
Is 19941 a multiple of 69?
True
Is 3671 a multiple of 52?
False
Is 5969 a multiple of 47?
True
Does 8 divide 576?
True
Is 38190 a multiple of 114?
True
Is 10 a factor of 2020?
True
Is 5800 a multiple of 65?
False
Is 405 a multiple of 27?
True
Is 202 a factor of 58898?
False
Is 4283 a multiple of 5?
False
Is 6161 a multiple of 4?
False
Is 76 a factor of 3876?
True
Does 8 divide 7752?
True
Is 13624 a multiple of 5?
False
Does 83 divide 233?
False
Is 715 a multiple of 55?
True
Is 4834 a multiple of 12?
False
Does 22 divide 138?
False
Is 45705 a multiple of 11?
True
Does 5 divide 4170?
True
Is 35685 a multiple of 195?
True
Is 18963 a multiple of 7?
True
Is 22 a factor of 880?
True
Is 30 a factor of 1866?
False
Does 39 divide 234?
True
Is 311 a multiple of 14?
False
Is 657 a multiple of 73?
True
Is 20 a factor of 20395?
False
Is 36701 a multiple of 107?
True
Is 34 a factor of 8299?
False
Is 21 a multiple of 21?
True
Is 1114 a multiple of 36?
False
Is 2758 a multiple of 14?
True
Is 25 a factor of 950?
True
Is 88 a factor of 1496?
True
Is 387 a multiple of 43?
True
Is 3990 a multiple of 30?
True
Is 729 a multiple of 9?
True
Is 1340 a multiple of 20?
True
Is 11 a factor of 539?
True
Is 7 a factor of 272?
False
Is 1600 a multiple of 40?
True
Does 10 divide 630?
True
Is 15 a factor of 3810?
True
Is 201 a multiple of 4?
False
Does 51 divide 4029?
True
Is 14 a factor of 698?
False
Does 15 divide 13740?
True
Is 48633 a multiple of 13?
True
Is 6 a factor of 53?
False
Is 14 a factor of 31267?
False
Is 2 a factor of 230?
True
Is 71 a factor of 1548?
False
Does 124 divide 3100?
True
Does 45 divide 3779?
False
Is 84 a factor of 1400?
False
Is 364 a multiple of 4?
True
Does 43 divide 903?
True
Is 14300 a multiple of 22?
True
Is 16 a factor of 1650?
False
Does 87 divide 71514?
True
Does 15 divide 2180?
False
Is 84 a factor of 504?
True
Is 4686 a multiple of 33?
True
Is 767 a multiple of 13?
True
Does 2 divide 243?
False
Does 93 divide 6653?
False
Does 9 divide 1188?
True
Does 27 divide 75634?
False
Is 87 a factor of 261?
True
Is 1012 a multiple of 27?
False
Is 4200 a multiple of 35?
True
Does 7 divide 4357?
False
Does 5 divide 2038?
False
Is 44 a factor of 6190?
False
Is 23954 a multiple of 11?
False
Does 11 divide 1606?
True
Does 166 divide 60756?
True
Does 21 divide 651?
True
Is 5 a factor of 2590?
True
Is 32 even?
True
Does 7 divide 364?
True
Does 19 divide 456?
True
Does 8 divide 47?
False
Does 5 divide 128?
False
Is 60 a multiple of 15?
True
Is 195 a multiple of 5?
True
Does 8 divide 184?
True
Is 3457 a multiple of 43?
False
Is 800 a multiple of 23?
False
Does 2 divide 53?
False
Does 128 divide 10112?
True
Is 37828 a multiple of 7?
True
Does 2 divide 1644?
True
Is 1500 a multiple of 25?
True
Does 14 divide 1008?
True
Is 25 a factor of 280?
False
Is 52 a multiple of 52?
True
Does 20 divide 9323?
False
Does 15 divide 315?
True
Is 1105 a multiple of 85?
True
Is 9 a factor of 18?
True
Is 62 a factor of 4154?
True
Is 1178 a multiple of 19?
True
Is 23 a factor of 2360?
False
Is 100 a factor of 44344?
False
Does 15 divide 384?
False
Does 6 divide 372?
True
Is 233 a multiple of 2?
False
Is 20 a factor of 1271?
False
Is 68364 a multiple of 324?
True
Is 85 a multiple of 11?
False
Does 11 divide 14476?
True
Is 3143 a multiple of 7?
True
Does 26 divide 6043?
False
Is 6 a factor of 13699?
False
Is 7 a factor of 21973?
True
Is 16545 a multiple of 56?
False
Is 20 a factor of 4301?
False
Is 22 a factor of 286?
True
Is 18 a factor of 1037?
False
Does 40 divide 15840?
True
Is 15 a factor of 15411?
False
Is 34 a factor of 4182?
True
Is 245 a multiple of 5?
True
Is 4683 a multiple of 25?
False
Is 4 a factor of 8415?
False
Does 18 divide 360?
True
Is 948 a multiple of 15?
False
Is 1785 a multiple of 51?
True
Does 34 divide 5460?
False
Does 6 divide 1311?
False
Does 12 divide 491?
False
Is 13 a factor of 17488?
False
Is 910 a multiple of 14?
True
Does 132 divide 13968?
False
Does 33 divide 586?
False
Is 4232 a multiple of 46?
True
Does 41 divide 123?
True
Is 67 a factor of 4358?
False
Is 3 a factor of 9415?
False
Is 271 a multiple of 80?
False
Does 139 divide 36304?
False
Is 24 a factor of 11034?
False
Is 51 a factor of 62373?
True
Is 114 a factor of 21997?
False
Is 9721 a multiple of 90?
False
Is 11 a factor of 5984?
True
Does 26 divide 3693?
False
Is 176 a multiple of 8?
True
Is 7 a factor of 441?
True
Is 22 a factor of 248?
False
Does 162 divide 7183?
False
Is 4880 a multiple of 61?
True
Is 1634 a multiple of 19?
True
Does 2 divide 44?
True
Is 16 a factor of 2777?
False
Is 96 a factor of 1920?
True
Is 32318 a multiple of 113?
True
Is 1372 a multiple of 23?
False
Is 3408 a multiple of 71?
True
Is 41 a factor of 984?
True
Does 16 divide 224?
True
Is 29 a factor of 46050?
False
Is 27 a factor of 10771?
False
Is 17 a factor of 2016?
False
Is 19985 a multiple of 16?
False
Is 1062 a multiple of 15?
False
Does 23 divide 3103?
False
Is 25 a factor of 8308?
False
Is 240 a factor of 29065?
False
Is 9 a factor of 164?
False
Is 116 even?
True
Is 1089 even?
False
Is 22459 a multiple of 11?
False
Does 13 divide 8203?
True
Is 4 a factor of 128?
True
Is 54 a factor of 3245?
False
Does 52 divide 4524?
True
Does 42 divide 329?
False
Is 2015 a multiple of 13?
True
Does 90 divide 630?
True
Does 37 divide 851?
True
Is 8838 a multiple of 2?
True
Is 59 a factor of 354?
True
Is 34362 a multiple of 138?
True
Is 96418 a multiple of 294?
False
Is 792 a multiple of 22?
True
Does 21 divide 21?
True
Does 36 divide 40147?
False
Is 1535 a multiple of 27?
False
Does 13 divide 2795?
True
Is 7 a factor of 5705?
True
Does 6 divide 85?
False
Is 51 a factor of 13974?
True
Is 47 a factor of 1096?
False
Does 12 divide 1075?
False
Is 28 a factor of 1230?
False
Does 240 divide 27164?
False
Is 4176 a multiple of 58?
True
Is 12850 a multiple of 13?
False
Is 10 a factor of 207?
False
Does 2 divide 329?
False
Is 53 a factor of 7851?
False
Is 2000 a multiple of 50?
True
Is 13243 a multiple of 17?
True
Is 16 a factor of 2960?
True
Is 12 a factor of 2324?
False
Is 609 a multiple of 29?
True
Does 56 divide 4088?
True
Is 1080 a multiple of 45?
True
Does 47 divide 94?
True
Is 14 a factor of 4284?
True
Does 32 divide 70499?
False
Does 14 divide 7742?
True
Is 3994 a multiple of 100?
False
Does 12 divide 2580?
True
Does 4 div